hat is the greatest common divisor of 129 and 336?
3
What is the highest common divisor of 266 and 4564?
14
Calculate the greatest common divisor of 3505410 and 540.
270
Calculate the greatest common factor of 34542 and 95.
19
Calculate the highest common factor of 1798 and 248.
62
What is the greatest common divisor of 20989 and 33916?
139
What is the highest common factor of 427 and 160552?
427
Calculate the highest common factor of 26757 and 54.
27
Calculate the highest common divisor of 665 and 171.
19
Calculate the greatest common factor of 344 and 56.
8
What is the highest common factor of 13017 and 6?
3
Calculate the highest common factor of 107437 and 44.
11
Calculate the greatest common divisor of 1561 and 161.
7
Calculate the greatest common factor of 157547 and 13.
13
Calculate the highest common divisor of 41400 and 408.
24
Calculate the greatest common factor of 11502 and 244098.
1278
Calculate the highest common divisor of 2352 and 110166.
42
What is the greatest common divisor of 1345523 and 38?
19
Calculate the highest common factor of 178003 and 413.
413
Calculate the greatest common factor of 270 and 4470.
30
What is the highest common divisor of 5985 and 60?
15
What is the highest common divisor of 675 and 1636875?
675
What is the greatest common divisor of 19327 and 154?
77
What is the greatest common factor of 63488 and 1147?
31
What is the greatest common divisor of 50064 and 1344?
336
What is the highest common factor of 51416 and 200?
8
What is the highest common divisor of 10 and 2084?
2
What is the greatest common factor of 205027 and 421?
421
What is the highest common factor of 2763389 and 7036?
1759
What is the greatest common factor of 69852 and 15?
3
What is the highest common divisor of 1862 and 3578764?
1862
What is the greatest common divisor of 135 and 4646565?
135
What is the greatest common divisor of 5287 and 5661?
17
What is the highest common divisor of 9317 and 49203?
77
What is the highest common divisor of 16493 and 3?
1
Calculate the highest common divisor of 8833 and 365.
73
Calculate the highest common factor of 1618 and 2062141.
809
Calculate the greatest common divisor of 162 and 10674.
18
Calculate the highest common factor of 32 and 1956.
4
What is the highest common divisor of 645 and 404805?
15
What is the greatest common factor of 4554 and 18171?
9
What is the greatest common factor of 265 and 1115?
5
What is the highest common divisor of 1330 and 1270?
10
What is the greatest common factor of 80145 and 450?
45
Calculate the highest common divisor of 380 and 5060.
20
What is the highest common divisor of 96 and 120588?
12
What is the greatest common divisor of 1512 and 109809?
189
What is the greatest common factor of 485394 and 8382?
762
Calculate the highest common factor of 25911 and 963.
9
Calculate the greatest common divisor of 819684 and 108.
36
Calculate the greatest common factor of 9 and 1914.
3
What is the greatest common factor of 10 and 21?
1
What is the highest common divisor of 176 and 4912?
16
Calculate the highest common divisor of 6550 and 26462.
262
What is the greatest common divisor of 635 and 11557?
127
What is the greatest common factor of 6438 and 1776?
222
What is the highest common divisor of 144 and 6120?
72
Calculate the highest common factor of 2736 and 1812.
12
Calculate the greatest common factor of 5696776 and 1128.
376
Calculate the greatest common factor of 1348872 and 1776.
888
What is the greatest common factor of 13953 and 57?
3
What is the highest common factor of 256 and 1730592?
32
What is the greatest common divisor of 3836 and 94941?
959
What is the greatest common divisor of 131945 and 495?
55
Calculate the greatest common factor of 395 and 252721.
79
Calculate the highest common divisor of 6026 and 28934.
46
What is the greatest common factor of 9024 and 42?
6
Calculate the greatest common divisor of 319224 and 283.
283
What is the highest common divisor of 1756336 and 1488?
496
What is the greatest common factor of 7373 and 1616?
101
What is the greatest common divisor of 55 and 8316?
11
Calculate the highest common divisor of 120216 and 384.
24
Calculate the highest common factor of 63 and 1914801.
21
What is the greatest common factor of 1985 and 2995?
5
What is the greatest common divisor of 189136 and 48?
16
What is the highest common factor of 6859 and 7619?
19
Calculate the greatest common divisor of 54 and 178200.
54
Calculate the highest common divisor of 2802987 and 253.
253
Calculate the highest common divisor of 1208206 and 18108.
1006
What is the greatest common factor of 646 and 76?
38
What is the highest common factor of 30378 and 2013?
183
What is the highest common factor of 624 and 3345888?
624
What is the highest common factor of 2426 and 40?
2
Calculate the highest common divisor of 56 and 2348906.
14
What is the highest common factor of 4753699 and 643?
643
What is the highest common factor of 5 and 1939525?
5
Calculate the highest common divisor of 837 and 529728.
93
What is the highest common factor of 25856 and 256?
256
What is the greatest common divisor of 1164 and 30555?
291
What is the highest common factor of 1482 and 88738?
26
Calculate the highest common factor of 1927 and 328.
41
Calculate the greatest common factor of 1094 and 124169.
547
What is the highest common divisor of 244728 and 3960?
792
Calculate the greatest common divisor of 147 and 9912.
21
Calculate the greatest common factor of 384320 and 960.
320
Calculate the highest common divisor of 15 and 27705.
15
What is the highest common factor of 2128 and 544?
16
Calculate the highest common divisor of 376975 and 51.
17
What is the greatest common divisor of 223652 and 115?
23
Calculate the highest common divisor of 320076 and 255.
51
Calculate the highest common divisor of 13272 and 619992.
1896
Calculate the highest common divisor of 7332 and 553284.
564
What is the highest common divisor of 315 and 199017?
63
What is the greatest common factor of 140424 and 648?
24
Calculate the greatest common divisor of 2779173 and 1962.
981
Calculate the greatest common factor of 6124 and 316.
4
What is the greatest common factor of 14470 and 170?
10
Calculate the highest common factor of 697 and 708373.
17
What is the greatest common factor of 125 and 35125?
125
Calculate the greatest common divisor of 1299 and 1569625.
433
Calculate the greatest common divisor of 403739 and 7.
7
Calculate the greatest common divisor of 216454 and 28.
14
What is the greatest common divisor of 13 and 11209315?
13
Calculate the highest common factor of 267099 and 2352.
147
Calculate the highest common factor of 1243 and 565.
113
What is the greatest common divisor of 60 and 7240?
20
What is the greatest common factor of 60551 and 111077?
401
What is the highest common divisor of 23305 and 26255?
295
Calculate the highest common divisor of 880 and 5665.
55
Calculate the greatest common divisor of 4 and 221596.
4
Calculate the greatest common factor of 7920 and 3280.
80
What is the highest common divisor of 240 and 14020?
20
What is the greatest common divisor of 24034 and 427?
61
Calculate the highest common factor of 34347 and 1177.
107
What is the greatest common divisor of 24 and 561354?
6
Calculate the highest common factor of 117 and 11479.
13
What is the greatest common factor of 35903 and 1?
1
Calculate the highest common factor of 1503 and 1336.
167
What is the highest common divisor of 18582 and 912?
114
What is the greatest common divisor of 616 and 316792?
56
Calculate the highest common factor of 6748 and 128.
4
Calculate the highest common factor of 84770 and 490.
490
Calculate the greatest common divisor of 45 and 4210.
5
What is the highest common divisor of 572 and 220924?
44
What is the highest common factor of 6798 and 112629?
33
Calculate the highest common divisor of 22 and 10186.
22
Calculate the greatest common divisor of 76835 and 6655.
605
Calculate the highest common divisor of 4704 and 321312.
96
What is the greatest common factor of 372 and 19158?
186
Calculate the highest common divisor of 220 and 1060.
20
What is the highest common factor of 485 and 25026?
97
What is the highest common factor of 1104441 and 39?
39
Calculate the greatest common factor of 